3*t - 2 = v - 4*t. Let m(o) = -463*o. Let n(q) = 116*q. Let w(l) = m(l) + 4*n(l). Give w(v).
2
Let h = 145357/6 + -24226. Let j(n) be the second derivative of -h*n**3 + 0 + 26*n - 3*n**2. Determine j(-4).
-2
Let l = 12 - 4. Let s be (l/12)/(1/3). Let z(m) = 7*m**2 + m**2 - 5*m**2 - s*m**2 - 4*m + 1. Give z(3).
-2
Let t(i) = -i - 1. Let a(h) = 4*h**2 - 2*h - 3. Suppose 42 = -7*d - 63. Let q = d + 14. Let y be a(q). What is t(y)?
-4
Let a(u) = 3*u**2 + u - 8. Let k be a(3). Let s(y) = -1 - 42*y**3 + 2*y**2 + 29*y**3 + k*y**3. Let l = 0 + -1. Calculate s(l).
-8
Let f(u) = -2*u**2 - 5*u - 1. Let v(g) = 3*g**2 + 5*g - 5. Let l(a) = 2*f(a) + v(a). Give l(-2).
-1
Let w(t) = -t + 12. Suppose 27*d = -19*d + 184. Calculate w(d).
8
Let n(i) = -i**3 - 19*i**2 - 17*i - 38. Let f(p) = 3*p**3 + 54*p**2 + 50*p + 111. Let x(r) = -4*f(r) - 11*n(r). Give x(-6).
16
Let i(c) = -2*c**2 - 2*c + c**3 + 6*c + 9*c**2 - 3. Let m(z) = -23*z + 2271. Let q be m(99). Determine i(q).
9
Suppose 4 = 48*h + 2 + 2. Let a(x) = -x + 1. Let b(z) = 7*z - 5. Let y(m) = -6*a(m) - b(m). Determine y(h).
-1
Let p(g) be the second derivative of g**4/12 - 7*g**2 + 1556*g - 1. What is p(3)?
-5
Let j be (2 - -3)*(616/(-10))/14. Let y(w) = w**3 + 21*w**2 - 20*w + 50. What is y(j)?
6
Let p(l) = -1 + 3*l**2 - 3*l + 6*l - 7*l**2 + 32*l**3 + l**2 - 34*l**3. What is p(-4)?
67
Let z(j) = 2*j + 1. Let c(q) = -2*q - 1. Let o be 7/(42/(-4)) - 51/(-9). Suppose y - 6*y - 2 = -a, o*y = -5. Let k(f) = a*z(f) - 4*c(f). Give k(-2).
-3
Let t = 25 + -2. Suppose -15 - t = v. Let u = v - -37. Let i(o) = -2*o**2 + o. Determine i(u).
-3
Let t(j) = j + 6. Suppose 4*f + 892*n - 893*n - 26 = 0, -3*f = n - 9. Determine t(f).
11
Let h(b) = -20819 - 20804 + 41624 + b. Let m(l) = 2*l**3 - 6*l - 10 - 2*l**3 - 7*l**2 + l**3. Let s be m(8). Determine h(s).
7
Let q be 5/10*(2 + -2). Suppose 2*g + 9*g - 253 = q. Let d(c) = -3 + 3*c - 2*c - c**2 - 22*c**3 + g*c**3. What is d(3)?
18
Suppose 4*y = -g - 10, -y + 4*g = 8*g - 5. Let k(b) = -b**2 - 1. Let m(x) = x**2 + 3*x - 2. Suppose -2*o + 0*o = -4. Let s(f) = o*k(f) + m(f). Calculate s(y).
-22
Suppose -2*b = -4*b + 102. Suppose 4*a = -g + 83, -6 = 3*a - 5*g - b. Let h(t) = 6 - a + 13 + 5*t. Calculate h(-4).
-21
Let v(t) = 5*t - 1. Let z be (27/36 - 66/(-8)) + -2. Let o(q) = -9*q + 2. Let a(x) = z*v(x) + 4*o(x). Suppose 0 = -0*r + r - 8. Calculate a(r).
-7
Let h be (3 - 170/51)/((-2)/(-264)*4). Let j(s) = -20*s - 214. What is j(h)?
6
Let b be (1 - 1) + (0 - -2). Suppose -4*g - g - 31 = b*o, -g + 7 = -4*o. Let x(z) = 160*z + 11 + 13 + 156*z - 25 - 317*z. Give x(o).
2
Suppose 0*o = 3*o - o. Let z(a) = -3*a - 6. Let q be z(o). Let k(d) be the second derivative of -d**4/12 - d**3 + 2*d**2 + d. Give k(q).
4
Let g(k) = k**2 + 422 - 445 + 5*k**2 - 5*k**2 + 0*k**2. Calculate g(-7).
26
Let p(d) = 2*d + 5. Suppose -14 = 2*x + 4*u, -2*x - 101*u + 99*u = 0. What is p(x)?
19
Let z(q) = 9*q - 10. Suppose 167*x = 157*x + 20. Determine z(x).
8
Let i(u) = -u**3 + 6*u**2 - 11*u + 9. Let m be i(2). Let h(g) = 2*g + m*g + 16 - 4*g - 6*g + 4*g. What is h(15)?
1
Let n(d) = -d. Let k(m) = 7*m + 3. Let c(j) = k(j) + 5*n(j). Let s be 0*((-14)/(-10) + 4/(-10)). Suppose s = -4*q + v - 17, v = 9*q - 6*q + 12. Calculate c(q).
-7
Let u(z) = -5*z + 75. Let m = -2688 - -2703. Give u(m).
0
Let y(v) = -v + 54 + 117 - 152. Let t be 3/(3/20) - 2. Determine y(t).
1
Let s(k) = 2*k**3 + 25*k**2 + 11*k - 10. Let p(i) = -6*i + 66. Let b be p(13). Let c be s(b). Let t(x) = x**3 - 4*x**2 + 2*x + 2. Give t(c).
-2
Let a(h) = h**3 + 3*h**2 - 26*h + 7. Suppose 78 = -145*z + 126*z - 55. Calculate a(z).
-7
Let y = 260 - 248. Let m(l) = -4*l + 19*l + y*l - 15*l + 1. Give m(-1).
-11
Suppose f = -3*f + 8. Suppose -f*m - 2 + 4 = 3*u, -4 = -u. Let l(w) = 13*w + 12. Let d(a) = -3*a - 2. Let g(r) = -3*d(r) - l(r). Give g(m).
14
Let s = 130 - 127. Suppose 0 = 3*b + s*u - 27, 0 = -3*b + 3*u + 3 + 6. Let r(c) = 5*c + 1. Calculate r(b).
31
Let v(y) = 253 + 289 - y**2 + 2*y - 534. Determine v(6).
-16
Let u(w) = -10*w**2. Let a(d) = -d**3 - 65*d**2 - 2. Let t(c) = -a(c) + 5*u(c). What is t(-15)?
2
Suppose -3*t - 9 = -0*t. Let n(m) = -2*m**2 - 11045*m**3 + 0 - 3 + 22086*m**3 + 5*m**2 + m - 11040*m**3. What is n(t)?
-6
Let f(k) = k**3 + 5*k**2 + 6*k + 6. Suppose 5*m - 5 = 4*u, 49*u - 14 = -2*m + 53*u. Calculate f(m).
6
Let c(d) = -10*d**3 - 6*d**2 + 7*d - 3. Let t(q) = -27*q**3 - 15*q**2 + 21*q - 11. Let r(a) = -8*c(a) + 3*t(a). Calculate r(3).
12
Let h(x) = 25*x**2 + x. Let n(a) = -6*a**3 - 6*a**2 - 5*a - 2. Let v be n(-1). Suppose 14*y - 16*y + k = v, -y - 5*k + 4 = 0. Give h(y).
24
Let h be ((-2)/6)/(6/198). Let g(q) = -q - 8. Let j be g(h). Suppose -5*m = 4*d - 25, 4*d - j*d - 5 = -m. Let p(t) = -t**2 - 12. Determine p(d).
-12
Let b(q) = -q**3 - 17*q**2 - 15*q - 19. Let s be ((-4)/(-3))/(-13*20/3120). What is b(s)?
-35
Let u(i) = 14 - 99*i**2 + 39 + 182*i**2 - 84*i**2. Determine u(7).
4
Let u(v) = v**2 - 31*v - 9. Suppose -2216*h + 2181*h = 0. Determine u(h).
-9
Let o(d) be the first derivative of -2*d**3/3 - d**2 + d + 1504. What is o(-4)?
-23
Suppose o - 32 = -4*k, 2*k = 6*k - 5*o - 32. Let f be (-6)/(1 - (-4)/k). Let d(j) = j**2 + 3*j - 2. What is d(f)?
2
Suppose -2*f - 124 = -4*u, -4*u + f = -74 - 46. Let g(i) = 57*i**2 + 7*i - 31 - 56*i**2 + u. Let s be (4/(-10))/((-2)/(-30)). Give g(s).
-8
Let q be (1/(-3))/(-2*5/30). Let i be (-8)/(-8)*6*-1. Let m(f) = -f**3 - 5*f**2 - f + 7. Let n(v) = -v**2 + 1. Let k(j) = i*n(j) + m(j). What is k(q)?
0
Let y(s) = -5*s**3 + 25*s**2 + 40*s - 10. Let l(k) = 8*k**3 - 37*k**2 - 60*k + 17. Let b(w) = 7*l(w) + 11*y(w). Determine b(-15).
-66
Suppose -4*p = 2*o - 36, -5*o = -7*p - p + 36. Let i(k) = -23*k + 165. Calculate i(p).
4
Let d(x) = 103*x**2 - 25*x + 3. Let s(z) = -23*z**2 + 6*z - 1. Let t(n) = -2*d(n) - 9*s(n). Calculate t(4).
3
Let p(c) = 4*c**3 + 18*c**2 - 10*c - 5. Let o be p(-5). Let j(m) = m**2 - m - 1. Let t(v) = -v**2 + 5*v - 3. Let r(l) = 2*j(l) + t(l). Determine r(o).
5
Let k(w) be the third derivative of -w**6/180 + w**5/120 - w**4/6 + 62*w**3/3 - 10*w**2 + 1. Let x(n) be the first derivative of k(n). Calculate x(3).
-19
Let n(x) = 23*x**3 - 6*x**2 - 12*x - 7. Let w(s) = -48*s**3 + 14*s**2 + 28*s + 16. Let j(m) = -5*n(m) - 2*w(m). Calculate j(-1).
20
Let s = -3 - 4. Let m(a) be the first derivative of a**2/2 + 16*a - 1407. What is m(s)?
9
Let a be 132/10 - (-2)/(-10). Let c be ((-6)/(-4))/(11/2 - 5). Let n(y) = -a*y - 2*y**3 + 4 - 2*y**3 + 8*y**2 + c*y**3 + 7*y. Calculate n(7).
11
Let h be ((-9 - -2) + 3)*-1. Let r be 4 - (8/h + -4). Let y(g) be the first derivative of -g**3/3 + 2*g**2 - 9*g - 62. What is y(r)?
-21
Let g(l) = -14*l + 78 - 10*l**2 - 95 - 113*l**3 + 2*l + 112*l**3. Determine g(-8).
-49
Let t(s) = -35*s - 116. Let k(v) = 15*v - 1. Let d(i) = -2*k(i) - t(i). Determine d(-22).
8
Let g(r) be the first derivative of r**5/30 + r**4/12 - 50*r**3/3 + r**2/2 + 223. Let q(k) be the third derivative of g(k). Determine q(2).
10
Let s(x) be the second derivative of -x**5/20 + x**4/3 + 5*x**3/3 + 6*x**2 - 141*x - 2. Give s(5).
37
Let t(n) = -88*n**3 - 4*n - 3. Let g = -27927 - -27926. Give t(g).
89
Let d(b) = b**3 + 2*b**2 - 2*b + 3. Let n(t) = -6*t - 49. Let y be n(-9). Let x be y/((-20)/24) - (0 - 8). Calculate d(x).
15
Let m(s) be the first derivative of -s**5/60 - 5*s**4/12 - 5*s**3/2 + 6*s**2 + 6*s + 77. Let b(a) be the second derivative of m(a). Determine b(-10).
-15
Let y(l) be the first derivative of -2*l**2 - 1/3*l**3 + 4*l - 127. Give y(0).
4
Let q(x) be the third derivative of 1/120*x**6 - x**2 + 0 - 15*x + 1/10*x**5 + 1/6*x**3 - 1/24*x**4. Give q(-6).
7
Let x(h) = 12*h**3 - h**2 + 2*h + 2. Let j = -79 + 1. Let i = -79 - j. Let q be x(i). Let w(o) = o**3 + 13*o**2 - o - 19. Give w(q).
-6
Suppose 5 = -x + 2. Let c(n) be the second derivative of -n**4/6 - n**3/3 - n**2 - 276*n. Calculate c(x).
-14
Let u(f) = -3*f**2 + 12*f. Let r(l) = l**2 + 12*l + 16. Let z be r(-11). Let a be u(z). Let t = 22 + a. Let w(b) = b**3 - 6*b**2 - 5*b - 10. Give w(t).
4
Let r(t) be the first derivative of -2*t**3/3 + 5*t**2/2 - 3*t - 1. Let j(s) = s**3 + 25*s**2 + 147*s - 27. Let g be j(-10). Determine r(g).
-6
Let m(a) = -3*a - 3*a**2 - 60 + 58 - 7*a + 12*a + a. What is m(1)?
-2
Let y(g) = 